{"id":2991,"date":"2025-03-10T13:46:27","date_gmt":"2025-03-10T16:46:27","guid":{"rendered":"https:\/\/www2.historia.uff.br\/site\/?page_id=2991"},"modified":"2025-05-09T16:00:04","modified_gmt":"2025-05-09T19:00:04","slug":"pt_catedra_unesco","status":"publish","type":"page","link":"https:\/\/www2.historia.uff.br\/site\/index.php\/pt_catedra_unesco\/","title":{"rendered":"PT_CATEDRA_UNESCO"},"content":{"rendered":"\t\t<div data-elementor-type=\"wp-page\" data-elementor-id=\"2991\" class=\"elementor elementor-2991\" data-elementor-post-type=\"page\">\n\t\t\t\t<div class=\"elementor-element elementor-element-3fd6585 e-flex e-con-boxed e-con e-parent\" data-id=\"3fd6585\" data-element_type=\"container\">\n\t\t\t\t\t<div class=\"e-con-inner\">\n\t\t\t\t<div class=\"elementor-element elementor-element-fd1af74 elementor-widget elementor-widget-heading\" data-id=\"fd1af74\" data-element_type=\"widget\" data-widget_type=\"heading.default\">\n\t\t\t\t<div class=\"elementor-widget-container\">\n\t\t\t<style>\/*! elementor - v3.22.0 - 24-06-2024 *\/\n.elementor-heading-title{padding:0;margin:0;line-height:1}.elementor-widget-heading .elementor-heading-title[class*=elementor-size-]>a{color:inherit;font-size:inherit;line-height:inherit}.elementor-widget-heading .elementor-heading-title.elementor-size-small{font-size:15px}.elementor-widget-heading .elementor-heading-title.elementor-size-medium{font-size:19px}.elementor-widget-heading .elementor-heading-title.elementor-size-large{font-size:29px}.elementor-widget-heading .elementor-heading-title.elementor-size-xl{font-size:39px}.elementor-widget-heading .elementor-heading-title.elementor-size-xxl{font-size:59px}<\/style><h2 class=\"elementor-heading-title elementor-size-default\">C\u00e1tedra Unesco<\/h2>\t\t<\/div>\n\t\t\t\t<\/div>\n\t\t\t\t\t<\/div>\n\t\t\t\t<\/div>\n\t\t<div class=\"elementor-element elementor-element-597aa99 e-con-full e-flex e-con e-parent\" data-id=\"597aa99\" data-element_type=\"container\">\n\t\t<div class=\"elementor-element elementor-element-c7ca04d e-con-full e-flex e-con e-child\" data-id=\"c7ca04d\" data-element_type=\"container\">\n\t\t\t\t<div class=\"elementor-element elementor-element-61a85c2 elementor-widget elementor-widget-image\" data-id=\"61a85c2\" data-element_type=\"widget\" data-widget_type=\"image.default\">\n\t\t\t\t<div class=\"elementor-widget-container\">\n\t\t\t\t\t\t\t\t\t\t\t\t\t<img fetchpriority=\"high\" decoding=\"async\" width=\"800\" height=\"471\" src=\"https:\/\/www2.historia.uff.br\/site\/wp-content\/uploads\/2025\/03\/logo-catedra-fundo-branco.png\" class=\"attachment-large size-large wp-image-2993\" alt=\"\" srcset=\"https:\/\/www2.historia.uff.br\/site\/wp-content\/uploads\/2025\/03\/logo-catedra-fundo-branco.png 1004w, https:\/\/www2.historia.uff.br\/site\/wp-content\/uploads\/2025\/03\/logo-catedra-fundo-branco-300x177.png 300w, https:\/\/www2.historia.uff.br\/site\/wp-content\/uploads\/2025\/03\/logo-catedra-fundo-branco-768x452.png 768w\" sizes=\"(max-width: 800px) 100vw, 800px\" \/>\t\t\t\t\t\t\t\t\t\t\t\t\t<\/div>\n\t\t\t\t<\/div>\n\t\t\t\t<\/div>\n\t\t<div class=\"elementor-element elementor-element-d3338a9 e-con-full e-flex e-con e-child\" data-id=\"d3338a9\" data-element_type=\"container\">\n\t\t\t\t<div class=\"elementor-element elementor-element-b526473 elementor-widget elementor-widget-text-editor\" data-id=\"b526473\" data-element_type=\"widget\" data-widget_type=\"text-editor.default\">\n\t\t\t\t<div class=\"elementor-widget-container\">\n\t\t\t<style>\/*! elementor - v3.22.0 - 24-06-2024 *\/\n.elementor-widget-text-editor.elementor-drop-cap-view-stacked .elementor-drop-cap{background-color:#69727d;color:#fff}.elementor-widget-text-editor.elementor-drop-cap-view-framed .elementor-drop-cap{color:#69727d;border:3px solid;background-color:transparent}.elementor-widget-text-editor:not(.elementor-drop-cap-view-default) .elementor-drop-cap{margin-top:8px}.elementor-widget-text-editor:not(.elementor-drop-cap-view-default) .elementor-drop-cap-letter{width:1em;height:1em}.elementor-widget-text-editor .elementor-drop-cap{float:left;text-align:center;line-height:1;font-size:50px}.elementor-widget-text-editor .elementor-drop-cap-letter{display:inline-block}<\/style>\t\t\t\t<p>C\u00e1tedra<strong> Unesco sobre Desigualdades Globais e Sociais: Abordagens Inovadoras<\/strong><\/p>\n<p><strong> Coordenadora: Giselle Venancio (UFF)<\/strong><\/p>\n<p>A <strong>C\u00e1tedra Unesco sobre desigualdades globais e sociais: abordagens inovadoras<\/strong>, sediada na Universidade Federal Fluminense busca reunir pesquisadores das mais diversas \u00e1reas de conhecimento para encontrar novas interpreta\u00e7\u00f5es sobre as din\u00e2micas que produzem as desigualdades de longa dura\u00e7\u00e3o e os processos de transforma\u00e7\u00e3o e rea\u00e7\u00e3o que podem causar. Sob esse olhar, as desigualdades s\u00e3o pensadas como plurais e implicam m\u00faltiplas categoriza\u00e7\u00f5es hier\u00e1rquicas, constru\u00eddas social, pol\u00edtica e historicamente. Compreender os cen\u00e1rios hist\u00f3ricos em que emergem e se reproduzem as desigualdades globais em longa dura\u00e7\u00e3o e em diferentes escalas de an\u00e1lise \u00e9 o objetivo primordial da <strong>C\u00e1tedra. <\/strong><\/p>\n<p>Seu projeto teve in\u00edcio em um dos projetos PrInt desenvolvido no \u00e2mbito do Programa de P\u00f3s-gradua\u00e7\u00e3o em Hist\u00f3ria da Universidade Federal Fluminense (PPGH\/UFF) intitulava-se <em>Desigualdades globais em perspectiva espacial e temporal<\/em><em>, <\/em>e era integrado por pesquisadores de quatro laborat\u00f3rios de pesquisa do PPGH\/UFF. Como se sabe, o Programa de C\u00e1tedras da UNESCO tem como objetivo promover a coopera\u00e7\u00e3o e partilha interuniversit\u00e1ria internacional, a fim de refor\u00e7ar as capacidades institucionais, atrav\u00e9s da difus\u00e3o do conhecimento e do trabalho em colabora\u00e7\u00e3o. Por meio dessa rede, institui\u00e7\u00f5es de ensino superior e de investiga\u00e7\u00e3o em todo o mundo canalizam os seus recursos, tanto humanos como materiais, para enfrentar os importantes desafios contempor\u00e2neos. As C\u00e1tedras servem, assim, como grupos de reflex\u00e3o e como construtores de pontes entre o mundo acad\u00eamico e setores mais amplos da sociedade. <strong>C\u00e1tedra Unesco sobre desigualdades globais e sociais: abordagens inovadoras <\/strong>foi inaugurada em mar\u00e7o de 2023, com um evento (h\u00edbrido) que reuniu pesquisadores de diversos pa\u00edses e institui\u00e7\u00f5es: Martin Bergel (Universidad Nacional de Quilmes\/Argentina); Stephan Pohl-Valero (Universidad del Rosario\/Bogot\u00e1); R\u00f4mulo de Paula Andrade (Fiocruz); Claiton Marcio da Silva (Universidade Federal da Fronteira Sul); \u00c7idem Maner (Universidade de Ko\u00e7\/ Turquia); Milena Nikolova (University of Groningen\/Holanda); Leire Aldaz (Universidad del Pa\u00eds Vasco); Hans Christian Garmann Johnsen (University of Agder\/Noruega) e Steven Dhondt (Universidade de Leuven\/B\u00e9lgica). &nbsp;Desde ent\u00e3o organiza atividades e encontros acad\u00eamicos sobre o tema que articula.<\/p>\n<p><\/p>\n<p><strong>Disciplinas da C\u00e1tedra<\/strong><\/p>\n<p><strong><a href=\"https:\/\/drive.google.com\/file\/d\/18cNTu0c_MXRD0T_Fppxwe4vvFzvI95bZ\/view?usp=drive_link\">Programa<\/a><\/strong> do semin\u00e1rio Desigualdades Globais: abordagens inovadoras.&nbsp; Disciplina ofertada no marco do PCI, Programa Interinstitucional com a Universidade Estadual de Feira de Santana.<\/p>\n<p><a href=\"https:\/\/drive.google.com\/file\/d\/1GflhwccbrdTESy6PichjUERiYXTTKHBf\/view?usp=drive_link\"><strong>Programa <\/strong><\/a>\u201cPersistentes desigualdades\u201d.&nbsp; Os m\u00e9todos da hist\u00f3ria agr\u00e1ria e da escravid\u00e3o.<\/p>\n<p><strong><a href=\"https:\/\/drive.google.com\/file\/d\/13mn-HdSozInC_kiCCsfKzTa6aMfX70uH\/view?usp=drive_link\">Programa<\/a><\/strong>: &#8220;Persistentes desigualdades&#8221;. Los m\u00e9todos de la historia agraria y de la historia de la esclavitud.<\/p>\t\t\t\t\t\t<\/div>\n\t\t\t\t<\/div>\n\t\t\t\t<\/div>\n\t\t\t\t<\/div>\n\t\t\t\t<\/div>\n\t\t","protected":false},"excerpt":{"rendered":"<p>C\u00e1tedra Unesco C\u00e1tedra Unesco sobre Desigualdades Globais e Sociais: Abordagens Inovadoras Coordenadora: Giselle Venancio (UFF) A C\u00e1tedra Unesco sobre desigualdades globais e sociais: abordagens inovadoras, sediada na Universidade Federal Fluminense busca reunir pesquisadores das mais diversas \u00e1reas de conhecimento para encontrar novas interpreta\u00e7\u00f5es sobre as din\u00e2micas que produzem as desigualdades de longa dura\u00e7\u00e3o e os [&hellip;]<\/p>\n","protected":false},"author":1,"featured_media":0,"parent":0,"menu_order":0,"comment_status":"closed","ping_status":"closed","template":"","meta":{"footnotes":""},"categories":[21],"tags":[],"folder":[9],"_links":{"self":[{"href":"https:\/\/www2.historia.uff.br\/site\/index.php\/wp-json\/wp\/v2\/pages\/2991"}],"collection":[{"href":"https:\/\/www2.historia.uff.br\/site\/index.php\/wp-json\/wp\/v2\/pages"}],"about":[{"href":"https:\/\/www2.historia.uff.br\/site\/index.php\/wp-json\/wp\/v2\/types\/page"}],"author":[{"embeddable":true,"href":"https:\/\/www2.historia.uff.br\/site\/index.php\/wp-json\/wp\/v2\/users\/1"}],"replies":[{"embeddable":true,"href":"https:\/\/www2.historia.uff.br\/site\/index.php\/wp-json\/wp\/v2\/comments?post=2991"}],"version-history":[{"count":20,"href":"https:\/\/www2.historia.uff.br\/site\/index.php\/wp-json\/wp\/v2\/pages\/2991\/revisions"}],"predecessor-version":[{"id":4508,"href":"https:\/\/www2.historia.uff.br\/site\/index.php\/wp-json\/wp\/v2\/pages\/2991\/revisions\/4508"}],"wp:attachment":[{"href":"https:\/\/www2.historia.uff.br\/site\/index.php\/wp-json\/wp\/v2\/media?parent=2991"}],"wp:term":[{"taxonomy":"category","embeddable":true,"href":"https:\/\/www2.historia.uff.br\/site\/index.php\/wp-json\/wp\/v2\/categories?post=2991"},{"taxonomy":"post_tag","embeddable":true,"href":"https:\/\/www2.historia.uff.br\/site\/index.php\/wp-json\/wp\/v2\/tags?post=2991"},{"taxonomy":"folder","embeddable":true,"href":"https:\/\/www2.historia.uff.br\/site\/index.php\/wp-json\/wp\/v2\/folder?post=2991"}],"curies":[{"name":"wp","href":"https:\/\/api.w.org\/{rel}","templated":true}]}}

<div data-elementor-type="wp-page" data-elementor-id="2991" class="elementor elementor-2991" data-elementor-post-type="page">
				<div class="elementor-element elementor-element-3fd6585 e-flex e-con-boxed e-con e-parent" data-id="3fd6585" data-element_type="container">
					<div class="e-con-inner">
				<div class="elementor-element elementor-element-fd1af74 elementor-widget elementor-widget-heading" data-id="fd1af74" data-element_type="widget" data-widget_type="heading.default">
				<div class="elementor-widget-container">
			<style>/*! elementor - v3.22.0 - 24-06-2024 */
.elementor-heading-title{padding:0;margin:0;line-height:1}.elementor-widget-heading .elementor-heading-title[class*=elementor-size-]>a{color:inherit;font-size:inherit;line-height:inherit}.elementor-widget-heading .elementor-heading-title.elementor-size-small{font-size:15px}.elementor-widget-heading .elementor-heading-title.elementor-size-medium{font-size:19px}.elementor-widget-heading .elementor-heading-title.elementor-size-large{font-size:29px}.elementor-widget-heading .elementor-heading-title.elementor-size-xl{font-size:39px}.elementor-widget-heading .elementor-heading-title.elementor-size-xxl{font-size:59px}</style><h2 class="elementor-heading-title elementor-size-default">Cátedra Unesco</h2>		</div>
				</div>
					</div>
				</div>
		<div class="elementor-element elementor-element-597aa99 e-con-full e-flex e-con e-parent" data-id="597aa99" data-element_type="container">
		<div class="elementor-element elementor-element-c7ca04d e-con-full e-flex e-con e-child" data-id="c7ca04d" data-element_type="container">
				<div class="elementor-element elementor-element-61a85c2 elementor-widget elementor-widget-image" data-id="61a85c2" data-element_type="widget" data-widget_type="image.default">
				<div class="elementor-widget-container">
													<img fetchpriority="high" decoding="async" width="800" height="471" src="https://www2.historia.uff.br/site/wp-content/uploads/2025/03/logo-catedra-fundo-branco.png" class="attachment-large size-large wp-image-2993" alt="" srcset="https://www2.historia.uff.br/site/wp-content/uploads/2025/03/logo-catedra-fundo-branco.png 1004w, https://www2.historia.uff.br/site/wp-content/uploads/2025/03/logo-catedra-fundo-branco-300x177.png 300w, https://www2.historia.uff.br/site/wp-content/uploads/2025/03/logo-catedra-fundo-branco-768x452.png 768w" sizes="(max-width: 800px) 100vw, 800px" />													</div>
				</div>
				</div>
		<div class="elementor-element elementor-element-d3338a9 e-con-full e-flex e-con e-child" data-id="d3338a9" data-element_type="container">
				<div class="elementor-element elementor-element-b526473 elementor-widget elementor-widget-text-editor" data-id="b526473" data-element_type="widget" data-widget_type="text-editor.default">
				<div class="elementor-widget-container">
			<style>/*! elementor - v3.22.0 - 24-06-2024 */
.elementor-widget-text-editor.elementor-drop-cap-view-stacked .elementor-drop-cap{background-color:#69727d;color:#fff}.elementor-widget-text-editor.elementor-drop-cap-view-framed .elementor-drop-cap{color:#69727d;border:3px solid;background-color:transparent}.elementor-widget-text-editor:not(.elementor-drop-cap-view-default) .elementor-drop-cap{margin-top:8px}.elementor-widget-text-editor:not(.elementor-drop-cap-view-default) .elementor-drop-cap-letter{width:1em;height:1em}.elementor-widget-text-editor .elementor-drop-cap{float:left;text-align:center;line-height:1;font-size:50px}.elementor-widget-text-editor .elementor-drop-cap-letter{display:inline-block}</style>				<p>Cátedra<strong> Unesco sobre Desigualdades Globais e Sociais: Abordagens Inovadoras</strong></p>
<p><strong> Coordenadora: Giselle Venancio (UFF)</strong></p>
<p>A <strong>Cátedra Unesco sobre desigualdades globais e sociais: abordagens inovadoras</strong>, sediada na Universidade Federal Fluminense busca reunir pesquisadores das mais diversas áreas de conhecimento para encontrar novas interpretações sobre as dinâmicas que produzem as desigualdades de longa duração e os processos de transformação e reação que podem causar. Sob esse olhar, as desigualdades são pensadas como plurais e implicam múltiplas categorizações hierárquicas, construídas social, política e historicamente. Compreender os cenários históricos em que emergem e se reproduzem as desigualdades globais em longa duração e em diferentes escalas de análise é o objetivo primordial da <strong>Cátedra. </strong></p>
<p>Seu projeto teve início em um dos projetos PrInt desenvolvido no âmbito do Programa de Pós-graduação em História da Universidade Federal Fluminense (PPGH/UFF) intitulava-se <em>Desigualdades globais em perspectiva espacial e temporal</em><em>, </em>e era integrado por pesquisadores de quatro laboratórios de pesquisa do PPGH/UFF. Como se sabe, o Programa de Cátedras da UNESCO tem como objetivo promover a cooperação e partilha interuniversitária internacional, a fim de reforçar as capacidades institucionais, através da difusão do conhecimento e do trabalho em colaboração. Por meio dessa rede, instituições de ensino superior e de investigação em todo o mundo canalizam os seus recursos, tanto humanos como materiais, para enfrentar os importantes desafios contemporâneos. As Cátedras servem, assim, como grupos de reflexão e como construtores de pontes entre o mundo acadêmico e setores mais amplos da sociedade. <strong>Cátedra Unesco sobre desigualdades globais e sociais: abordagens inovadoras </strong>foi inaugurada em março de 2023, com um evento (híbrido) que reuniu pesquisadores de diversos países e instituições: Martin Bergel (Universidad Nacional de Quilmes/Argentina); Stephan Pohl-Valero (Universidad del Rosario/Bogotá); Rômulo de Paula Andrade (Fiocruz); Claiton Marcio da Silva (Universidade Federal da Fronteira Sul); Çidem Maner (Universidade de Koç/ Turquia); Milena Nikolova (University of Groningen/Holanda); Leire Aldaz (Universidad del País Vasco); Hans Christian Garmann Johnsen (University of Agder/Noruega) e Steven Dhondt (Universidade de Leuven/Bélgica). &nbsp;Desde então organiza atividades e encontros acadêmicos sobre o tema que articula.</p>
<p></p>
<p><strong>Disciplinas da Cátedra</strong></p>
<p><strong><a href="https://drive.google.com/file/d/18cNTu0c_MXRD0T_Fppxwe4vvFzvI95bZ/view?usp=drive_link">Programa</a></strong> do seminário Desigualdades Globais: abordagens inovadoras.&nbsp; Disciplina ofertada no marco do PCI, Programa Interinstitucional com a Universidade Estadual de Feira de Santana.</p>
<p><a href="https://drive.google.com/file/d/1GflhwccbrdTESy6PichjUERiYXTTKHBf/view?usp=drive_link"><strong>Programa </strong></a>“Persistentes desigualdades”.&nbsp; Os métodos da história agrária e da escravidão.</p>
<p><strong><a href="https://drive.google.com/file/d/13mn-HdSozInC_kiCCsfKzTa6aMfX70uH/view?usp=drive_link">Programa</a></strong>: &#8220;Persistentes desigualdades&#8221;. Los métodos de la historia agraria y de la historia de la esclavitud.</p>						</div>
				</div>
				</div>
				</div>
				</div>

<p>Cátedra Unesco Cátedra Unesco sobre Desigualdades Globais e Sociais: Abordagens Inovadoras Coordenadora: Giselle Venancio (UFF) A Cátedra Unesco sobre desigualdades globais e sociais: abordagens inovadoras, sediada na Universidade Federal Fluminense busca reunir pesquisadores das mais diversas áreas de conhecimento para encontrar novas interpretações sobre as dinâmicas que produzem as desigualdades de longa duração e os [&hellip;]</p>
