{"id":634,"date":"2024-05-08T18:10:52","date_gmt":"2024-05-08T21:10:52","guid":{"rendered":"https:\/\/base.pro.br\/fundacao\/?page_id=634"},"modified":"2025-05-09T15:47:43","modified_gmt":"2025-05-09T18:47:43","slug":"pos-ex-coords","status":"publish","type":"page","link":"https:\/\/www2.historia.uff.br\/site\/index.php\/pos-ex-coords\/","title":{"rendered":"POS-EX-COORDS"},"content":{"rendered":"\t\t<div data-elementor-type=\"wp-page\" data-elementor-id=\"634\" class=\"elementor elementor-634\" data-elementor-post-type=\"page\">\n\t\t\t\t<div class=\"elementor-element elementor-element-75a1d6d e-flex e-con-boxed e-con e-parent\" data-id=\"75a1d6d\" data-element_type=\"container\" data-settings=\"{&quot;background_background&quot;:&quot;classic&quot;}\">\n\t\t\t\t\t<div class=\"e-con-inner\">\n\t\t\t\t<div class=\"elementor-element elementor-element-5949493 elementor-widget elementor-widget-heading\" data-id=\"5949493\" data-element_type=\"widget\" data-widget_type=\"heading.default\">\n\t\t\t\t<div class=\"elementor-widget-container\">\n\t\t\t<style>\/*! elementor - v3.22.0 - 24-06-2024 *\/\n.elementor-heading-title{padding:0;margin:0;line-height:1}.elementor-widget-heading .elementor-heading-title[class*=elementor-size-]>a{color:inherit;font-size:inherit;line-height:inherit}.elementor-widget-heading .elementor-heading-title.elementor-size-small{font-size:15px}.elementor-widget-heading .elementor-heading-title.elementor-size-medium{font-size:19px}.elementor-widget-heading .elementor-heading-title.elementor-size-large{font-size:29px}.elementor-widget-heading .elementor-heading-title.elementor-size-xl{font-size:39px}.elementor-widget-heading .elementor-heading-title.elementor-size-xxl{font-size:59px}<\/style><h4 class=\"elementor-heading-title elementor-size-default\">Programa de P\u00f3s-Gradua\u00e7\u00e3o em Hist\u00f3ria<\/h4>\t\t<\/div>\n\t\t\t\t<\/div>\n\t\t\t\t\t<\/div>\n\t\t\t\t<\/div>\n\t\t<div class=\"elementor-element elementor-element-b68d667 e-flex e-con-boxed e-con e-parent\" data-id=\"b68d667\" data-element_type=\"container\" data-settings=\"{&quot;background_background&quot;:&quot;classic&quot;}\">\n\t\t\t\t\t<div class=\"e-con-inner\">\n\t\t<div class=\"elementor-element elementor-element-4416276 e-con-full e-flex e-con e-child\" data-id=\"4416276\" data-element_type=\"container\">\n\t\t<div class=\"elementor-element elementor-element-35242f0 e-con-full e-flex e-con e-child\" data-id=\"35242f0\" data-element_type=\"container\">\n\t\t\t\t<div class=\"elementor-element elementor-element-aaa5be8 elementor-nav-menu--dropdown-tablet elementor-nav-menu__text-align-aside elementor-nav-menu--toggle elementor-nav-menu--burger elementor-widget elementor-widget-nav-menu\" data-id=\"aaa5be8\" data-element_type=\"widget\" data-settings=\"{&quot;layout&quot;:&quot;vertical&quot;,&quot;submenu_icon&quot;:{&quot;value&quot;:&quot;&lt;svg class=\\&quot;e-font-icon-svg e-fas-caret-down\\&quot; viewBox=\\&quot;0 0 320 512\\&quot; xmlns=\\&quot;http:\\\/\\\/www.w3.org\\\/2000\\\/svg\\&quot;&gt;&lt;path d=\\&quot;M31.3 192h257.3c17.8 0 26.7 21.5 14.1 34.1L174.1 354.8c-7.8 7.8-20.5 7.8-28.3 0L17.2 226.1C4.6 213.5 13.5 192 31.3 192z\\&quot;&gt;&lt;\\\/path&gt;&lt;\\\/svg&gt;&quot;,&quot;library&quot;:&quot;fa-solid&quot;},&quot;toggle&quot;:&quot;burger&quot;}\" data-widget_type=\"nav-menu.default\">\n\t\t\t\t<div class=\"elementor-widget-container\">\n\t\t\t<link rel=\"stylesheet\" href=\"https:\/\/www2.historia.uff.br\/site\/wp-content\/plugins\/elementor-pro\/assets\/css\/widget-nav-menu.min.css\">\t\t\t<nav class=\"elementor-nav-menu--main elementor-nav-menu__container elementor-nav-menu--layout-vertical e--pointer-underline e--animation-fade\">\n\t\t\t\t<ul id=\"menu-1-aaa5be8\" class=\"elementor-nav-menu sm-vertical\"><li class=\"menu-item menu-item-type-post_type menu-item-object-page menu-item-1638\"><a href=\"https:\/\/www2.historia.uff.br\/site\/index.php\/elementor-615\/\" class=\"elementor-item\">\u00c1REAS de CONCENTRA\u00c7\u00c3O<\/a><\/li>\n<li class=\"menu-item menu-item-type-post_type menu-item-object-page menu-item-1643\"><a href=\"https:\/\/www2.historia.uff.br\/site\/index.php\/pos-lihas-pesquisa\/\" class=\"elementor-item\">LINHAS de PESQUISA<\/a><\/li>\n<li class=\"menu-item menu-item-type-post_type menu-item-object-page menu-item-1640\"><a href=\"https:\/\/www2.historia.uff.br\/site\/index.php\/elementor-638\/\" class=\"elementor-item\">COMISS\u00d5ES<\/a><\/li>\n<li class=\"menu-item menu-item-type-post_type menu-item-object-page menu-item-1644\"><a href=\"https:\/\/www2.historia.uff.br\/site\/index.php\/pos-regimento\/\" class=\"elementor-item\">REGIMENTO<\/a><\/li>\n<li class=\"menu-item menu-item-type-post_type menu-item-object-page menu-item-1639\"><a href=\"https:\/\/www2.historia.uff.br\/site\/index.php\/elementor-656\/\" class=\"elementor-item\">AUTOAVALIA\u00c7\u00c3O<\/a><\/li>\n<li class=\"menu-item menu-item-type-post_type menu-item-object-page menu-item-1646\"><a href=\"https:\/\/www2.historia.uff.br\/site\/index.php\/pos-internacionalizacao\/\" class=\"elementor-item\">INTERNACIONALIZA\u00c7\u00c3O<\/a><\/li>\n<li class=\"menu-item menu-item-type-post_type menu-item-object-page menu-item-1645\"><a href=\"https:\/\/www2.historia.uff.br\/site\/index.php\/pos-logo\/\" class=\"elementor-item\">LOGO do PPGH<\/a><\/li>\n<li class=\"menu-item menu-item-type-post_type menu-item-object-page menu-item-1637\"><a href=\"https:\/\/www2.historia.uff.br\/site\/index.php\/pos-internacionalizacao-2\/\" class=\"elementor-item\">PR\u00caMIOS<\/a><\/li>\n<li class=\"menu-item menu-item-type-post_type menu-item-object-page menu-item-1642\"><a href=\"https:\/\/www2.historia.uff.br\/site\/index.php\/pos-ex-coords\/\" class=\"elementor-item\">EX-COORDENADORES<\/a><\/li>\n<\/ul>\t\t\t<\/nav>\n\t\t\t\t\t<div class=\"elementor-menu-toggle\" role=\"button\" tabindex=\"0\" aria-label=\"Menu Toggle\" aria-expanded=\"false\">\n\t\t\t<svg aria-hidden=\"true\" role=\"presentation\" class=\"elementor-menu-toggle__icon--open e-font-icon-svg e-eicon-menu-bar\" viewBox=\"0 0 1000 1000\" xmlns=\"http:\/\/www.w3.org\/2000\/svg\"><path d=\"M104 333H896C929 333 958 304 958 271S929 208 896 208H104C71 208 42 237 42 271S71 333 104 333ZM104 583H896C929 583 958 554 958 521S929 458 896 458H104C71 458 42 487 42 521S71 583 104 583ZM104 833H896C929 833 958 804 958 771S929 708 896 708H104C71 708 42 737 42 771S71 833 104 833Z\"><\/path><\/svg><svg aria-hidden=\"true\" role=\"presentation\" class=\"elementor-menu-toggle__icon--close e-font-icon-svg e-eicon-close\" viewBox=\"0 0 1000 1000\" xmlns=\"http:\/\/www.w3.org\/2000\/svg\"><path d=\"M742 167L500 408 258 167C246 154 233 150 217 150 196 150 179 158 167 167 154 179 150 196 150 212 150 229 154 242 171 254L408 500 167 742C138 771 138 800 167 829 196 858 225 858 254 829L496 587 738 829C750 842 767 846 783 846 800 846 817 842 829 829 842 817 846 804 846 783 846 767 842 750 829 737L588 500 833 258C863 229 863 200 833 171 804 137 775 137 742 167Z\"><\/path><\/svg>\t\t\t<span class=\"elementor-screen-only\">Menu<\/span>\n\t\t<\/div>\n\t\t\t\t\t<nav class=\"elementor-nav-menu--dropdown elementor-nav-menu__container\" aria-hidden=\"true\">\n\t\t\t\t<ul id=\"menu-2-aaa5be8\" class=\"elementor-nav-menu sm-vertical\"><li class=\"menu-item menu-item-type-post_type menu-item-object-page menu-item-1638\"><a href=\"https:\/\/www2.historia.uff.br\/site\/index.php\/elementor-615\/\" class=\"elementor-item\" tabindex=\"-1\">\u00c1REAS de CONCENTRA\u00c7\u00c3O<\/a><\/li>\n<li class=\"menu-item menu-item-type-post_type menu-item-object-page menu-item-1643\"><a href=\"https:\/\/www2.historia.uff.br\/site\/index.php\/pos-lihas-pesquisa\/\" class=\"elementor-item\" tabindex=\"-1\">LINHAS de PESQUISA<\/a><\/li>\n<li class=\"menu-item menu-item-type-post_type menu-item-object-page menu-item-1640\"><a href=\"https:\/\/www2.historia.uff.br\/site\/index.php\/elementor-638\/\" class=\"elementor-item\" tabindex=\"-1\">COMISS\u00d5ES<\/a><\/li>\n<li class=\"menu-item menu-item-type-post_type menu-item-object-page menu-item-1644\"><a href=\"https:\/\/www2.historia.uff.br\/site\/index.php\/pos-regimento\/\" class=\"elementor-item\" tabindex=\"-1\">REGIMENTO<\/a><\/li>\n<li class=\"menu-item menu-item-type-post_type menu-item-object-page menu-item-1639\"><a href=\"https:\/\/www2.historia.uff.br\/site\/index.php\/elementor-656\/\" class=\"elementor-item\" tabindex=\"-1\">AUTOAVALIA\u00c7\u00c3O<\/a><\/li>\n<li class=\"menu-item menu-item-type-post_type menu-item-object-page menu-item-1646\"><a href=\"https:\/\/www2.historia.uff.br\/site\/index.php\/pos-internacionalizacao\/\" class=\"elementor-item\" tabindex=\"-1\">INTERNACIONALIZA\u00c7\u00c3O<\/a><\/li>\n<li class=\"menu-item menu-item-type-post_type menu-item-object-page menu-item-1645\"><a href=\"https:\/\/www2.historia.uff.br\/site\/index.php\/pos-logo\/\" class=\"elementor-item\" tabindex=\"-1\">LOGO do PPGH<\/a><\/li>\n<li class=\"menu-item menu-item-type-post_type menu-item-object-page menu-item-1637\"><a href=\"https:\/\/www2.historia.uff.br\/site\/index.php\/pos-internacionalizacao-2\/\" class=\"elementor-item\" tabindex=\"-1\">PR\u00caMIOS<\/a><\/li>\n<li class=\"menu-item menu-item-type-post_type menu-item-object-page menu-item-1642\"><a href=\"https:\/\/www2.historia.uff.br\/site\/index.php\/pos-ex-coords\/\" class=\"elementor-item\" tabindex=\"-1\">EX-COORDENADORES<\/a><\/li>\n<\/ul>\t\t\t<\/nav>\n\t\t\t\t<\/div>\n\t\t\t\t<\/div>\n\t\t\t\t<\/div>\n\t\t\t\t<\/div>\n\t\t<div class=\"elementor-element elementor-element-939168c e-con-full e-flex e-con e-child\" data-id=\"939168c\" data-element_type=\"container\">\n\t\t<div class=\"elementor-element elementor-element-c596612 e-con-full e-flex e-con e-child\" data-id=\"c596612\" data-element_type=\"container\">\n\t\t\t\t<div class=\"elementor-element elementor-element-653840a elementor-widget elementor-widget-heading\" data-id=\"653840a\" data-element_type=\"widget\" data-widget_type=\"heading.default\">\n\t\t\t\t<div class=\"elementor-widget-container\">\n\t\t\t<h3 class=\"elementor-heading-title elementor-size-default\">Ex-Coordenadores<\/h3>\t\t<\/div>\n\t\t\t\t<\/div>\n\t\t\t\t<div class=\"elementor-element elementor-element-5603ede elementor-widget elementor-widget-text-editor\" data-id=\"5603ede\" data-element_type=\"widget\" data-widget_type=\"text-editor.default\">\n\t\t\t\t<div class=\"elementor-widget-container\">\n\t\t\t<style>\/*! elementor - v3.22.0 - 24-06-2024 *\/\n.elementor-widget-text-editor.elementor-drop-cap-view-stacked .elementor-drop-cap{background-color:#69727d;color:#fff}.elementor-widget-text-editor.elementor-drop-cap-view-framed .elementor-drop-cap{color:#69727d;border:3px solid;background-color:transparent}.elementor-widget-text-editor:not(.elementor-drop-cap-view-default) .elementor-drop-cap{margin-top:8px}.elementor-widget-text-editor:not(.elementor-drop-cap-view-default) .elementor-drop-cap-letter{width:1em;height:1em}.elementor-widget-text-editor .elementor-drop-cap{float:left;text-align:center;line-height:1;font-size:50px}.elementor-widget-text-editor .elementor-drop-cap-letter{display:inline-block}<\/style>\t\t\t\t<p><strong>Coordenador:<\/strong>\u00a0Alexandre Carneiro Cerqueira Lima \u2013\u00a0<strong>Vice Coordenador:<\/strong>\u00a0Jonis Freire (2019-2023)<\/p><p><strong>Coordenadora:<\/strong>\u00a0Giselle Martins Venancio \u2013\u00a0<strong>Vice Coordenador:<\/strong>\u00a0Alexandre Carneiro Cerqueira Lima (2017-2019)<\/p><p><strong>Coordenadora:<\/strong>\u00a0Ana Maria Mauad de Sousa Andrade Essus \u2013\u00a0<strong>Vice Coordenadora:<\/strong>\u00a0Samantha Viz Quadrat (2013-2017)<\/p><p><strong>Coordenadora:<\/strong>\u00a0Maria Fernanda Baptista Bicalho \u2013\u00a0<strong>Vice Coordenador:<\/strong>\u00a0Carlos Gabriel Guimar\u00e3es (2010-2013)<\/p><p><strong>Coordenadora:<\/strong>\u00a0Martha Campus Abreu \u2013<strong>\u00a0Vice Coordenadora:<\/strong>\u00a0Hebe Maria da Costa Mattos Gomes de Castro (2008-2010)<\/p><p><strong>Coordenadora:<\/strong>\u00a0Marcia Maria Menendes Motta \u2013\u00a0<strong>Vice Coordenador:<\/strong>\u00a0Ronald Jos\u00e9 Raminelli (2006-2008)<\/p><p><strong>Coordenador:<\/strong>\u00a0Ronaldo Vainfas \u2013\u00a0<strong>Vice Coordenadora:<\/strong>\u00a0Marcia Maria Menendes Motta (2004-2006)<\/p><p><strong>Coordenador:<\/strong>\u00a0Guilherme Paulo Castagnoli Pereira Das Neves \u2013\u00a0<strong>Vice Coordenador:<\/strong>\u00a0Ronald Jos\u00e9 Raminelli (2000-2004)<\/p><p><strong>Coordenadora:<\/strong>\u00a0Hebe Maria da Costa Mattos Gomes de Castro \u2013\u00a0<strong>Vice Coordenador:\u00a0<\/strong>Guilherme Paulo Castagnoli Pereira Das Neves (1998-2000)<\/p><p><strong>Coordenador:<\/strong>\u00a0Daniel Aar\u00e3o Reis Filho \u2013\u00a0<strong>Vice Coordenador:<\/strong>\u00a0Ronaldo Vainfas (1996-1998)<\/p><p><strong>Coordenadora:<\/strong>\u00a0V\u00e2nia Leite Fr\u00f3es (1992-1996) \u2013\u00a0<strong>Vice Coordenadora:<\/strong>\u00a0Rachel Soihet (1992-1994)\u00a0<strong>Vice Coordenador:<\/strong>\u00a0Geraldo de Beauclair Mendes de Oliveira (1994-1996)<\/p><p><strong>Coordenador Interino:<\/strong>\u00a0Almir Chaiban El-Kareh (1991)<\/p><p><strong>Coordenador:<\/strong>\u00a0Hamilton de Mattos Monteiro (1988-1991)<\/p><p><strong>Coordenadora:<\/strong>\u00a0Maria Yedda Leite Linhares \u2013\u00a0<strong>Vice Coordenador:<\/strong>\u00a0Hamilton de Mattos Monteiro (1987-1988)<\/p><p><strong>Coordenadora<\/strong>: Ism\u00eania de Lima Martins (1986-1987)<\/p><p><strong>Coordenador:<\/strong>\u00a0Francisco Jos\u00e9 Calazans Falcon (1985-1986)<\/p><p><strong>Coordenadora:<\/strong>\u00a0Ism\u00eania de Lima Martins (1983-1985)<\/p><p><strong>Coordenador:<\/strong>\u00a0Francisco Jos\u00e9 Calazans Falcon \u2013\u00a0<strong>Vice Coordenadora:<\/strong>\u00a0Ism\u00eania de Lima Martins (1983)<\/p><p><strong>Coordenadora:<\/strong>\u00a0Aidyl de Carvalho Preis (1971-1983) \u2013\u00a0<strong>Vice Coordenador:<\/strong>\u00a0Francisco Jos\u00e9 Calazans Falcon (1981-1983)<\/p>\t\t\t\t\t\t<\/div>\n\t\t\t\t<\/div>\n\t\t\t\t<\/div>\n\t\t\t\t<\/div>\n\t\t\t\t\t<\/div>\n\t\t\t\t<\/div>\n\t\t\t\t<\/div>\n\t\t","protected":false},"excerpt":{"rendered":"<p>Programa de P\u00f3s-Gradua\u00e7\u00e3o em Hist\u00f3ria Ex-Coordenadores Coordenador:\u00a0Alexandre Carneiro Cerqueira Lima \u2013\u00a0Vice Coordenador:\u00a0Jonis Freire (2019-2023) Coordenadora:\u00a0Giselle Martins Venancio \u2013\u00a0Vice Coordenador:\u00a0Alexandre Carneiro Cerqueira Lima (2017-2019) Coordenadora:\u00a0Ana Maria Mauad de Sousa Andrade Essus \u2013\u00a0Vice Coordenadora:\u00a0Samantha Viz Quadrat (2013-2017) Coordenadora:\u00a0Maria Fernanda Baptista Bicalho \u2013\u00a0Vice Coordenador:\u00a0Carlos Gabriel Guimar\u00e3es (2010-2013) Coordenadora:\u00a0Martha Campus Abreu \u2013\u00a0Vice Coordenadora:\u00a0Hebe Maria da Costa Mattos Gomes de [&hellip;]<\/p>\n","protected":false},"author":1,"featured_media":0,"parent":0,"menu_order":0,"comment_status":"closed","ping_status":"closed","template":"","meta":{"footnotes":""},"categories":[21],"tags":[],"folder":[9],"_links":{"self":[{"href":"https:\/\/www2.historia.uff.br\/site\/index.php\/wp-json\/wp\/v2\/pages\/634"}],"collection":[{"href":"https:\/\/www2.historia.uff.br\/site\/index.php\/wp-json\/wp\/v2\/pages"}],"about":[{"href":"https:\/\/www2.historia.uff.br\/site\/index.php\/wp-json\/wp\/v2\/types\/page"}],"author":[{"embeddable":true,"href":"https:\/\/www2.historia.uff.br\/site\/index.php\/wp-json\/wp\/v2\/users\/1"}],"replies":[{"embeddable":true,"href":"https:\/\/www2.historia.uff.br\/site\/index.php\/wp-json\/wp\/v2\/comments?post=634"}],"version-history":[{"count":3,"href":"https:\/\/www2.historia.uff.br\/site\/index.php\/wp-json\/wp\/v2\/pages\/634\/revisions"}],"predecessor-version":[{"id":1673,"href":"https:\/\/www2.historia.uff.br\/site\/index.php\/wp-json\/wp\/v2\/pages\/634\/revisions\/1673"}],"wp:attachment":[{"href":"https:\/\/www2.historia.uff.br\/site\/index.php\/wp-json\/wp\/v2\/media?parent=634"}],"wp:term":[{"taxonomy":"category","embeddable":true,"href":"https:\/\/www2.historia.uff.br\/site\/index.php\/wp-json\/wp\/v2\/categories?post=634"},{"taxonomy":"post_tag","embeddable":true,"href":"https:\/\/www2.historia.uff.br\/site\/index.php\/wp-json\/wp\/v2\/tags?post=634"},{"taxonomy":"folder","embeddable":true,"href":"https:\/\/www2.historia.uff.br\/site\/index.php\/wp-json\/wp\/v2\/folder?post=634"}],"curies":[{"name":"wp","href":"https:\/\/api.w.org\/{rel}","templated":true}]}}