{"id":895,"date":"2024-05-10T10:12:26","date_gmt":"2024-05-10T13:12:26","guid":{"rendered":"https:\/\/base.pro.br\/fundacao\/?page_id=895"},"modified":"2025-05-09T15:58:57","modified_gmt":"2025-05-09T18:58:57","slug":"pos-revistas","status":"publish","type":"page","link":"https:\/\/www2.historia.uff.br\/site\/index.php\/pos-revistas\/","title":{"rendered":"POS-REVISTAS"},"content":{"rendered":"\t\t<div data-elementor-type=\"wp-page\" data-elementor-id=\"895\" class=\"elementor elementor-895\" data-elementor-post-type=\"page\">\n\t\t\t\t<div class=\"elementor-element elementor-element-902847f e-flex e-con-boxed e-con e-parent\" data-id=\"902847f\" data-element_type=\"container\" data-settings=\"{&quot;background_background&quot;:&quot;classic&quot;}\">\n\t\t\t\t\t<div class=\"e-con-inner\">\n\t\t<div class=\"elementor-element elementor-element-4362961 e-con-full e-flex e-con e-child\" data-id=\"4362961\" data-element_type=\"container\">\n\t\t\t\t<div class=\"elementor-element elementor-element-ac2e3b7 elementor-widget elementor-widget-heading\" data-id=\"ac2e3b7\" data-element_type=\"widget\" data-widget_type=\"heading.default\">\n\t\t\t\t<div class=\"elementor-widget-container\">\n\t\t\t<style>\/*! elementor - v3.22.0 - 24-06-2024 *\/\n.elementor-heading-title{padding:0;margin:0;line-height:1}.elementor-widget-heading .elementor-heading-title[class*=elementor-size-]>a{color:inherit;font-size:inherit;line-height:inherit}.elementor-widget-heading .elementor-heading-title.elementor-size-small{font-size:15px}.elementor-widget-heading .elementor-heading-title.elementor-size-medium{font-size:19px}.elementor-widget-heading .elementor-heading-title.elementor-size-large{font-size:29px}.elementor-widget-heading .elementor-heading-title.elementor-size-xl{font-size:39px}.elementor-widget-heading .elementor-heading-title.elementor-size-xxl{font-size:59px}<\/style><h4 class=\"elementor-heading-title elementor-size-default\">PUBLICA\u00c7\u00d5ES<\/h4>\t\t<\/div>\n\t\t\t\t<\/div>\n\t\t\t\t<div class=\"elementor-element elementor-element-3f394e7 elementor-widget elementor-widget-heading\" data-id=\"3f394e7\" data-element_type=\"widget\" data-widget_type=\"heading.default\">\n\t\t\t\t<div class=\"elementor-widget-container\">\n\t\t\t<h5 class=\"elementor-heading-title elementor-size-default\">Revistas Digitais<\/h5>\t\t<\/div>\n\t\t\t\t<\/div>\n\t\t\t\t<\/div>\n\t\t<div class=\"elementor-element elementor-element-2a6031f e-con-full e-flex e-con e-child\" data-id=\"2a6031f\" data-element_type=\"container\">\n\t\t\t\t<div class=\"elementor-element elementor-element-448887c elementor-widget elementor-widget-text-editor\" data-id=\"448887c\" data-element_type=\"widget\" data-widget_type=\"text-editor.default\">\n\t\t\t\t<div class=\"elementor-widget-container\">\n\t\t\t<style>\/*! elementor - v3.22.0 - 24-06-2024 *\/\n.elementor-widget-text-editor.elementor-drop-cap-view-stacked .elementor-drop-cap{background-color:#69727d;color:#fff}.elementor-widget-text-editor.elementor-drop-cap-view-framed .elementor-drop-cap{color:#69727d;border:3px solid;background-color:transparent}.elementor-widget-text-editor:not(.elementor-drop-cap-view-default) .elementor-drop-cap{margin-top:8px}.elementor-widget-text-editor:not(.elementor-drop-cap-view-default) .elementor-drop-cap-letter{width:1em;height:1em}.elementor-widget-text-editor .elementor-drop-cap{float:left;text-align:center;line-height:1;font-size:50px}.elementor-widget-text-editor .elementor-drop-cap-letter{display:inline-block}<\/style>\t\t\t\t<p><strong><a href=\"https:\/\/www.scielo.br\/scielo.php?script=sci_serial&amp;pid=1413-7704\" target=\"_blank\" rel=\"noopener\">Tempo<\/a><\/strong><\/p><p><strong><a href=\"http:\/\/www.historia.uff.br\/revistapassagens\/\" target=\"_blank\" rel=\"noopener\">Passagens<\/a><\/strong><\/p><p><strong><a href=\"http:\/\/www.scielo.br\/revistas\/alm\/paboutj.htm\" target=\"_blank\" rel=\"noopener\">Almanack<\/a><\/strong><\/p><p><strong><a href=\"http:\/\/www.historia.uff.br\/cantareira\/\" target=\"_blank\" rel=\"noopener\">Cantareira<\/a><\/strong><\/p><p><strong><a href=\"https:\/\/www.historia.uff.br\/impressoesrebeldes\/revista-impressoes-rebeldes\/\" target=\"_blank\" rel=\"noopener\">Impress\u00f5es Rebeldes<\/a><\/strong><\/p>\t\t\t\t\t\t<\/div>\n\t\t\t\t<\/div>\n\t\t\t\t<\/div>\n\t\t\t\t\t<\/div>\n\t\t\t\t<\/div>\n\t\t\t\t<\/div>\n\t\t","protected":false},"excerpt":{"rendered":"<p>PUBLICA\u00c7\u00d5ES Revistas Digitais Tempo Passagens Almanack Cantareira Impress\u00f5es Rebeldes<\/p>\n","protected":false},"author":1,"featured_media":0,"parent":0,"menu_order":0,"comment_status":"closed","ping_status":"closed","template":"","meta":{"footnotes":""},"categories":[21],"tags":[],"folder":[9],"_links":{"self":[{"href":"https:\/\/www2.historia.uff.br\/site\/index.php\/wp-json\/wp\/v2\/pages\/895"}],"collection":[{"href":"https:\/\/www2.historia.uff.br\/site\/index.php\/wp-json\/wp\/v2\/pages"}],"about":[{"href":"https:\/\/www2.historia.uff.br\/site\/index.php\/wp-json\/wp\/v2\/types\/page"}],"author":[{"embeddable":true,"href":"https:\/\/www2.historia.uff.br\/site\/index.php\/wp-json\/wp\/v2\/users\/1"}],"replies":[{"embeddable":true,"href":"https:\/\/www2.historia.uff.br\/site\/index.php\/wp-json\/wp\/v2\/comments?post=895"}],"version-history":[{"count":1,"href":"https:\/\/www2.historia.uff.br\/site\/index.php\/wp-json\/wp\/v2\/pages\/895\/revisions"}],"predecessor-version":[{"id":4030,"href":"https:\/\/www2.historia.uff.br\/site\/index.php\/wp-json\/wp\/v2\/pages\/895\/revisions\/4030"}],"wp:attachment":[{"href":"https:\/\/www2.historia.uff.br\/site\/index.php\/wp-json\/wp\/v2\/media?parent=895"}],"wp:term":[{"taxonomy":"category","embeddable":true,"href":"https:\/\/www2.historia.uff.br\/site\/index.php\/wp-json\/wp\/v2\/categories?post=895"},{"taxonomy":"post_tag","embeddable":true,"href":"https:\/\/www2.historia.uff.br\/site\/index.php\/wp-json\/wp\/v2\/tags?post=895"},{"taxonomy":"folder","embeddable":true,"href":"https:\/\/www2.historia.uff.br\/site\/index.php\/wp-json\/wp\/v2\/folder?post=895"}],"curies":[{"name":"wp","href":"https:\/\/api.w.org\/{rel}","templated":true}]}}

<div data-elementor-type="wp-page" data-elementor-id="895" class="elementor elementor-895" data-elementor-post-type="page">
				<div class="elementor-element elementor-element-902847f e-flex e-con-boxed e-con e-parent" data-id="902847f" data-element_type="container" data-settings="{&quot;background_background&quot;:&quot;classic&quot;}">
					<div class="e-con-inner">
		<div class="elementor-element elementor-element-4362961 e-con-full e-flex e-con e-child" data-id="4362961" data-element_type="container">
				<div class="elementor-element elementor-element-ac2e3b7 elementor-widget elementor-widget-heading" data-id="ac2e3b7" data-element_type="widget" data-widget_type="heading.default">
				<div class="elementor-widget-container">
			<style>/*! elementor - v3.22.0 - 24-06-2024 */
.elementor-heading-title{padding:0;margin:0;line-height:1}.elementor-widget-heading .elementor-heading-title[class*=elementor-size-]>a{color:inherit;font-size:inherit;line-height:inherit}.elementor-widget-heading .elementor-heading-title.elementor-size-small{font-size:15px}.elementor-widget-heading .elementor-heading-title.elementor-size-medium{font-size:19px}.elementor-widget-heading .elementor-heading-title.elementor-size-large{font-size:29px}.elementor-widget-heading .elementor-heading-title.elementor-size-xl{font-size:39px}.elementor-widget-heading .elementor-heading-title.elementor-size-xxl{font-size:59px}</style><h4 class="elementor-heading-title elementor-size-default">PUBLICAÇÕES</h4>		</div>
				</div>
				<div class="elementor-element elementor-element-3f394e7 elementor-widget elementor-widget-heading" data-id="3f394e7" data-element_type="widget" data-widget_type="heading.default">
				<div class="elementor-widget-container">
			<h5 class="elementor-heading-title elementor-size-default">Revistas Digitais</h5>		</div>
				</div>
				</div>
		<div class="elementor-element elementor-element-2a6031f e-con-full e-flex e-con e-child" data-id="2a6031f" data-element_type="container">
				<div class="elementor-element elementor-element-448887c elementor-widget elementor-widget-text-editor" data-id="448887c" data-element_type="widget" data-widget_type="text-editor.default">
				<div class="elementor-widget-container">
			<style>/*! elementor - v3.22.0 - 24-06-2024 */
.elementor-widget-text-editor.elementor-drop-cap-view-stacked .elementor-drop-cap{background-color:#69727d;color:#fff}.elementor-widget-text-editor.elementor-drop-cap-view-framed .elementor-drop-cap{color:#69727d;border:3px solid;background-color:transparent}.elementor-widget-text-editor:not(.elementor-drop-cap-view-default) .elementor-drop-cap{margin-top:8px}.elementor-widget-text-editor:not(.elementor-drop-cap-view-default) .elementor-drop-cap-letter{width:1em;height:1em}.elementor-widget-text-editor .elementor-drop-cap{float:left;text-align:center;line-height:1;font-size:50px}.elementor-widget-text-editor .elementor-drop-cap-letter{display:inline-block}</style>				<p><strong><a href="https://www.scielo.br/scielo.php?script=sci_serial&amp;pid=1413-7704" target="_blank" rel="noopener">Tempo</a></strong></p><p><strong><a href="http://www.historia.uff.br/revistapassagens/" target="_blank" rel="noopener">Passagens</a></strong></p><p><strong><a href="http://www.scielo.br/revistas/alm/paboutj.htm" target="_blank" rel="noopener">Almanack</a></strong></p><p><strong><a href="http://www.historia.uff.br/cantareira/" target="_blank" rel="noopener">Cantareira</a></strong></p><p><strong><a href="https://www.historia.uff.br/impressoesrebeldes/revista-impressoes-rebeldes/" target="_blank" rel="noopener">Impressões Rebeldes</a></strong></p>						</div>
				</div>
				</div>
					</div>
				</div>
				</div>

<p>PUBLICAÇÕES Revistas Digitais Tempo Passagens Almanack Cantareira Impressões Rebeldes</p>
